*3 + 8*o**2 + 6*o - 4. Let p(s) = -q(s) + 2*y(s). Determine p(k).
-1
Let d be 1*(0 - (-1)/1). Let a(h) = 3*h + 4*h**2 - 4*h**2 + h**2 - 7*h**2 - 1 - h. Calculate a(d).
-5
Let w(k) = 3*k**2 + k. Let h = -3 + 5. Suppose 5*z - h*o - 7 - 6 = 0, -o - 11 = -4*z. Suppose -2*b - 5*a + 15 = z*b, -4*b = a - 6. Calculate w(b).
4
Let u(l) = -l**2 + 6*l - 6. Let d be u(6). Let q(g) = g + 5. Give q(d).
-1
Let j(p) be the first derivative of -p**2 - 7*p + 8. What is j(-6)?
5
Let c(d) be the third derivative of d**5/60 - d**4/3 - d**3/6 + 62*d**2. What is c(6)?
-13
Let a(k) = k - 1. Let t(o) = o**3 + 6*o**2 - 5*o + 4. Let y(u) = 5*a(u) + t(u). Calculate y(-6).
-1
Suppose 0*k + 2*k = 0. Let m = -7 + 10. Let i(a) = 3 - a**m + 0 + 0 + a**2 + 3 + a. What is i(k)?
6
Let k(d) = 14*d - 14*d - 2*d. Calculate k(-1).
2
Let l(u) = -2*u**2 - u. Let v = 23 - 12. Let j = v + -13. What is l(j)?
-6
Let v(u) = -31*u**3 + u**2 + u. Let c(w) = -w**2 + 4*w + 11. Let d be c(6). Calculate v(d).
31
Let c = 26 - 16. Let i(k) = -c*k**2 - 2 - 1 + 0 + 2 - k. Give i(-1).
-10
Let c(d) = 8*d**3 - d**2 + 2*d - 1. Let m(l) = l - 4. Let z be m(5). Determine c(z).
8
Let x(h) = -4*h**2 + 8*h - 1. Let p(f) = f**2 - f - 1. Let u(z) = -3*p(z) - x(z). Let r = -10 - -13. Give u(r).
-2
Let n(k) = -3*k - 7 + 3*k + 3*k**2 - 11*k - 4*k**2. Determine n(-7).
21
Let s(g) be the third derivative of 7/60*g**5 + 0*g + 1/120*g**6 - 6*g**2 - 4/3*g**3 - 1/12*g**4 + 0. Determine s(-7).
6
Let y(q) be the second derivative of q**6/360 - q**5/30 + q**4/4 - q**3/6 - q. Let g(r) be the second derivative of y(r). Give g(5).
11
Suppose 22 = 3*k - 8. Let y be 34/k - 6/15. Let o(b) = 0*b**y - b**3 - 5*b**2 + 3 - 3*b + 8*b**2. Calculate o(3).
-6
Suppose 4*j + j = 10. Let h(k) = 3*k**3 + j*k**2 - k**2 + k + k**3. What is h(-1)?
-4
Let w(n) be the third derivative of 0 - 3*n**2 + 1/3*n**3 - 1/24*n**4 + 0*n - 1/30*n**5. Determine w(-2).
-4
Let h(r) = 6*r**3 + r**2 - 2*r + 1. Let p(i) = i**2 - 6*i + 1. Suppose 3*v + 5*c = -v - 42, v - 4*c = 0. Let d = -2 - v. Let s be p(d). Give h(s).
6
Let q(i) = 0*i - 6 - 23*i + i - i**2 + 8*i + 7*i. Suppose -3*w - 16 - 2 = 0. Determine q(w).
0
Let s = -13 - -21. Suppose -3*j - 2 = -s. Let x(n) = 3*n - 2. Give x(j).
4
Let s(y) = -y**2 - 37 + 37. Give s(1).
-1
Let t(f) = f - 10. Let n(d) = 5*d - 41. Let y(z) = -2*n(z) + 9*t(z). Calculate y(-6).
-2
Let n(m) = -13*m**2 + 2*m - 1. Let l be (3/9)/(((-5)/(-3))/5). Give n(l).
-12
Let u(i) = -i + 12. Let x(l) = l - 13. Let k(m) = 6*u(m) + 5*x(m). Determine k(3).
4
Let i = 5 - 9. Let h be 28/8 - 2/i. Suppose -4*k - 4 = h. Let q(r) = 3*r - 1. What is q(k)?
-7
Let l(d) = d**3 + 4*d**2 + 2*d + 6. Let i(r) = r**2 + 6*r + 5. Let c be i(-3). Determine l(c).
-2
Let i(u) be the first derivative of 6 - 1/2*u**2 + 7*u. Determine i(0).
7
Let a(c) = -c**2 - c + 10. Let l be a(-4). Let k(t) = -2*t**2 - 1 - 1 - t - 2*t**3 - 2*t. Calculate k(l).
12
Let g(z) be the third derivative of -z**7/2520 + z**6/144 - z**5/20 + z**4/3 - z**2. Let j(u) be the second derivative of g(u). Calculate j(5).
-6
Let o(p) be the third derivative of -p**4/24 + p**3/6 + 4*p**2. Let q(y) = -y + 5. Let z(v) = -2*o(v) + q(v). Give z(-6).
-3
Let k(z) = z**2 + 3*z + 4. Suppose -2 - 10 = 6*m. What is k(m)?
2
Let u = -2 - -5. Suppose -2 = -u*r + r. Let h be (4*r)/(3 - 4). Let y(j) = -j + 1. What is y(h)?
5
Suppose p + 4*f = 3*f + 6, -10 = p - 3*f. Let x(i) be the second derivative of -2*i - 7/2*i**p + 0 - 1/3*i**3. What is x(-5)?
3
Let i(l) = -l**3 + l**2 + 5*l - 3. Suppose t - 2 = -0, 3*g - 2*t - 17 = 0. Let p(f) = -8*f + g - 8 - f**2 - 8. Let d be p(-6). What is i(d)?
-6
Let o(j) = -2*j + 4. Let m(w) = w - 5. Let z(n) = -3*m(n) - 4*o(n). What is z(-1)?
-6
Let y(d) = -d**3 + 6*d**2 - 6*d + 2. Let c(g) = g**3 - 5*g**2 + 5*g - 1. Suppose 0 = 2*i - 6*i + 24. Let k(s) = i*y(s) + 7*c(s). Give k(0).
5
Let x be 4 - (2 + (0 - 1)). Let d(c) be the third derivative of 0 + 1/12*c**4 - 4*c**2 - 1/2*c**3 + 0*c. Give d(x).
3
Let l(h) be the second derivative of 7*h**5/20 - 6*h. Let s = 17 - 18. Calculate l(s).
-7
Let c(u) = -u**2 + 3*u + 2. Let v be c(3). Let l(k) = -6 + k - v*k + 2*k. Let h be (2/2 - -1) + 3. Give l(h).
-1
Let o(l) = -4*l**3 + 4*l**2 - l. Let b(m) = -3*m**3 + 4*m**2 - 2*m + 1. Let z(r) = -3*b(r) + 2*o(r). Determine z(4).
13
Let s(w) = 3*w - 51. Let h be s(17). Let i(d) = d**2 + d + 8. Give i(h).
8
Let j be (18/(-3))/((-3)/(-2)). Let i(q) = q. Calculate i(j).
-4
Suppose 0 = -g - 2, 3*g - 3 - 3 = 3*y. Let q(b) = -b**3 - 6*b**2 - 5*b + 3. What is q(y)?
-9
Let m be (-276)/(-30) - 2/10. Suppose -3*y - 4*w + m = 0, 3*w - 12 = y + 2*y. Let g(k) be the third derivative of k**5/10 - k**3/6 + k**2. Calculate g(y).
5
Let j(h) = 2*h + 2*h**2 + 0 + h**3 - 2*h + 4*h + 2. Let z be -2 + (3 + -3)/(-4). Determine j(z).
-6
Let j be (14 - 0)*(1 + 0). Suppose -5*t - j = 1. Let y(l) = -l**2 - 4*l - 1. What is y(t)?
2
Let j be (-11 + 5)*(-1)/2. Let b(q) = 2 + 2*q - 5*q + q**j - q**2 + 5*q**2. What is b(-5)?
-8
Let a(j) = -j - 5. Suppose -x + 37 = 4*t, 3*x = -2*x + 2*t + 75. Let h = x + -20. Determine a(h).
-2
Let o(m) = 9 - 5 + 1 + 0 - m**3. Let j be -4 + 6*8/12. Determine o(j).
5
Let u = -104 + 107. Let h = -4 + 7. Let n(d) = h*d + 2*d - 4*d. What is n(u)?
3
Let c(w) = 38*w - 3. Let a(k) = 13*k - 1. Let p(b) = -17*a(b) + 6*c(b). Calculate p(1).
6
Let l(m) = m - 2. Let z = -75 + 79. Calculate l(z).
2
Let w(h) = h**2 + 11*h + 12. Let n be w(-10). Let b(t) = 11*t**2 - 1 + n - 10*t**2. Suppose -k - 3 = -2. Calculate b(k).
2
Let u(k) = 3*k. Let n = 36 - 26. Suppose -5*p + 5*h = -10, -3*p - n = -8*p - 4*h. Suppose -p*f = 5*s + 8, -f + 2 = -2*s - 3. Calculate u(f).
3
Let q(r) = r - 3. Let a be q(5). Suppose -4*l = a*m - 20, 2*m + l = 4*l - 8. Suppose -4*c + 0 + 16 = 0, -s = m*c - 9. Let v(p) = 4*p - 1. Calculate v(s).
3
Let s(c) be the third derivative of -c**5/15 + c**4/8 + c**3/2 + 50*c**2. What is s(-2)?
-19
Let i(c) = -3*c - 7. Let h(m) = 15*m + 29. Let l(z) = 31*z + 58. Let d(r) = -5*h(r) + 2*l(r). Let g(y) = -2*d(y) + 9*i(y). What is g(-4)?
-1
Let d be (6/15)/((-1)/(-10)). Let a = -13 + 13. Suppose a = -f + d*f. Let k(m) = -m**3 - m**2 - 3. Give k(f).
-3
Let s(d) = -d + 1. Let k(i) = -i**2 - i. Let o(v) = 4*k(v) - 5*s(v). Let t(z) be the first derivative of o(z). Determine t(-1).
9
Let w(h) = -h**2 + 5*h - 4. Let b be w(3). Let f(l) = 7 - 3*l + l**3 + 3*l + 2*l**b - 3. Let g be (-2 + 1)/((-1)/(-3)). Calculate f(g).
-5
Let t = 7 + 21. Let f be (-8)/t + (-27)/(-21). Let g(c) = 5*c**2 - 2*c + 1. Determine g(f).
4
Suppose 9*q + 4*q - 13 = 0. Let o(w) = 3*w - 1. Determine o(q).
2
Let q be 4 + (3 - (-8)/(-2)). Let t = -2 + 7. Let u(l) = 1 + l + 3*l**3 + 6*l**2 - t + l**q - 5*l**3. Determine u(6).
2
Let k(n) be the second derivative of -n**3/3 - n**2/2 - 4*n. Calculate k(2).
-5
Suppose 0 = -5*c + l - 3*l + 20, -3*c = 5*l - 12. Let j(i) = -2*i**2 + 5*i + 8. Let b be j(c). Let y(v) = -v + 1. Determine y(b).
5
Let i be 3 - 8/12*3. Let x(r) = -3*r**3 - 2*r + 7. Let m(g) = 2*g**3 - 3 + 4*g - 2*g - g. Let b(v) = -7*m(v) - 3*x(v). Determine b(i).
-6
Let y = 4 + -6. Let q(l) = -6*l**2 - 6*l - 3. Let w(s) = -2*s**2 - 2*s - 1. Let a(k) = -6*q(k) + 17*w(k). Calculate a(y).
5
Let u(v) = -12*v**2 - 2*v - 1. Suppose -3*x + 4*w = w - 6, x + 2*w = 11. Let h = x + -6. Calculate u(h).
-11
Let w(j) = j**3 - 3*j**2 - 2*j - 1. Let f be 6/4*4/6. Let i = 2 + f. Determine w(i).
-7
Let f be ((-3)/6)/((-1)/4). Let p(o) = -o - 1 - 4*o**2 + 3*o**2 - o**f + o**2. Calculate p(-1).
-1
Let l be -8 + (-6)/(-2 + 0/(-1)). Let h(d) = d + 4. Calculate h(l).
-1
Let h(y) be the third derivative of -y**7/1260 + y**6/360 + y**5/60 - y**4/12 + y**2. Let c(m) be the second derivative of h(m). What is c(2)?
-2
Let t(g) = g + 9. Let k be t(-8). Let l be (k - 0/(-1)) + -2. Let v(f) be the third derivative of f**6/20 - f**2. Calculate v(l).
-6
Let j be (2 - (3 + -6))/1. Suppose 2*c - j*r = -10, -c + 2 = -3*c + r. Suppose -4*a - 4 - 12 = c. Let t(l) = l + 5. Give t(a).
1
Suppose 5*n + 0*n = 5. Let k(m) = -36*m - 6. Let l(i) = -7*i - 1. Let x be 2 - 0/(1 - 0). Let t(z) = x*k(z) - 11*l(z). Give t(n).
4
Let d(i) be the second derivative of 1/20*i**5 + 0 - 4*i + 1/2*i**4 + 3*i**2 + 1/3*i**3. Calculate d(-6).
-6
Suppose 0*l = -3*l. Suppose l = g - 5*g + 12. Let s(q